{"id":5383,"date":"2025-05-06T08:08:36","date_gmt":"2025-05-06T06:08:36","guid":{"rendered":"https:\/\/willy-remscheid.de\/?page_id=5383"},"modified":"2025-07-18T08:36:12","modified_gmt":"2025-07-18T06:36:12","slug":"karriere-02","status":"publish","type":"page","link":"https:\/\/willy-remscheid.de\/en\/karriere-02\/","title":{"rendered":"Karriere: Programmierer (m\/w\/d) f\u00fcr Schleif- und Polierroboter"},"content":{"rendered":"<p>[et_pb_section fb_built=&#8221;1&#8243; fullwidth=&#8221;on&#8221; _builder_version=&#8221;4.16&#8243; global_colors_info=&#8221;{}&#8221;][et_pb_fullwidth_slider _builder_version=&#8221;4.27.4&#8243; _module_preset=&#8221;default&#8221; header_level=&#8221;h1&#8243; body_text_color=&#8221;#FFFFFF&#8221; body_font_size=&#8221;44px&#8221; body_line_height=&#8221;1.6em&#8221; background_image=&#8221;https:\/\/willy-remscheid.de\/wp-content\/uploads\/wr-master-slider.png&#8221; height=&#8221;499px&#8221; height_tablet=&#8221;499px&#8221; height_phone=&#8221;300px&#8221; height_last_edited=&#8221;on|phone&#8221; max_height_tablet=&#8221;&#8221; max_height_phone=&#8221;&#8221; max_height_last_edited=&#8221;on|desktop&#8221; body_font_last_edited=&#8221;off|desktop&#8221; body_font_size_tablet=&#8221;44px&#8221; body_font_size_phone=&#8221;33px&#8221; body_font_size_last_edited=&#8221;on|phone&#8221; body_line_height_tablet=&#8221;1.6em&#8221; body_line_height_phone=&#8221;1.5em&#8221; body_line_height_last_edited=&#8221;on|desktop&#8221; header_text_shadow_style=&#8221;preset1&#8243; body_text_shadow_style=&#8221;preset1&#8243; global_colors_info=&#8221;{}&#8221;][et_pb_slide _builder_version=&#8221;4.27.4&#8243; _module_preset=&#8221;default&#8221; global_colors_info=&#8221;{}&#8221; sticky_transition=&#8221;on&#8221;]Karriere bei Willy Remscheid<br \/>\n[\/et_pb_slide][\/et_pb_fullwidth_slider][\/et_pb_section][et_pb_section fb_built=&#8221;1&#8243; custom_padding_last_edited=&#8221;on|desktop&#8221; admin_label=&#8221;section&#8221; module_id=&#8221;qualitaet&#8221; _builder_version=&#8221;4.16&#8243; custom_padding_tablet=&#8221;50px|0|50px|0&#8243; custom_padding_phone=&#8221;&#8221; global_colors_info=&#8221;{}&#8221;][et_pb_row admin_label=&#8221;row&#8221; _builder_version=&#8221;4.16&#8243; background_size=&#8221;initial&#8221; background_position=&#8221;top_left&#8221; background_repeat=&#8221;repeat&#8221; collapsed=&#8221;off&#8221; global_colors_info=&#8221;{}&#8221;][et_pb_column type=&#8221;4_4&#8243; _builder_version=&#8221;4.16&#8243; custom_padding=&#8221;|||&#8221; global_colors_info=&#8221;{}&#8221; custom_padding__hover=&#8221;|||&#8221;][et_pb_text _builder_version=&#8221;4.27.4&#8243; background_size=&#8221;initial&#8221; background_position=&#8221;top_left&#8221; background_repeat=&#8221;repeat&#8221; use_border_color=&#8221;off&#8221; border_color=&#8221;#ffffff&#8221; border_style=&#8221;solid&#8221; global_colors_info=&#8221;{}&#8221;]<\/p>\n<h1>Programmierer (m\/w\/d) f\u00fcr Schleif- und Polierroboter<\/h1>\n<p>[\/et_pb_text][\/et_pb_column][\/et_pb_row][et_pb_row column_structure=&#8221;2_3,1_3&#8243; _builder_version=&#8221;4.27.4&#8243; _module_preset=&#8221;default&#8221; global_colors_info=&#8221;{}&#8221;][et_pb_column type=&#8221;2_3&#8243; _builder_version=&#8221;4.27.4&#8243; _module_preset=&#8221;default&#8221; global_colors_info=&#8221;{}&#8221;][et_pb_text _builder_version=&#8221;4.27.4&#8243; _module_preset=&#8221;default&#8221; global_colors_info=&#8221;{}&#8221;]Wir suchen Verst\u00e4rkung f\u00fcr unser Team!<\/p>\n<h2>\u00dcber uns<\/h2>\n<p>Wir sind ein f\u00fchrendes Unternehmen im Bereich der Oberfl\u00e4chenbearbeitung und zeichnen uns durch innovative L\u00f6sungen sowie h\u00f6chste Kundenzufriedenheit aus. Zur weiteren Verst\u00e4rkung unseres engagierten Teams suchen wir motivierte Kolleginnen und Kollegen, die gemeinsam mit uns neue Ma\u00dfst\u00e4be setzen m\u00f6chten. Werden Sie Teil unserer Erfolgsgeschichte und gestalten Sie mit uns die Zukunft der Oberfl\u00e4chenbearbeitung!<\/p>\n<h2>Ihre Aufgaben<\/h2>\n<ul>\n<li>Einrichtung, Programmierung und Wartung unserer Schleif- und Polierroboter<\/li>\n<li>\u00dcberwachung der Produktionsplanung hinsichtlich Mengen und Terminen<\/li>\n<li>Sicherstellung und kontinuierliche Optimierung der Produktionsabl\u00e4ufe im Schleif- und Polierzentrum sowie Gew\u00e4hrleistung der Qualit\u00e4tsziele am Produkt<\/li>\n<li>Schulung der Anlagenbediener im Umgang mit den Roboteranlagen, einschlie\u00dflich Fehlererkennung und St\u00f6rungsbeseitigung<\/li>\n<li>Information der Gesch\u00e4ftsleitung \u00fcber notwendige Neubauten, Umbauten sowie m\u00f6gliche Optimierungspotenziale<\/li>\n<li>Erstellung von Reinigungs- und Wartungspl\u00e4nen f\u00fcr die Roboteranlagen und Koordination der zust\u00e4ndigen Mitarbeiter<\/li>\n<\/ul>\n<h2>Ihre Kenntnisse und F\u00e4higkeiten<\/h2>\n<ul>\n<li>Erfolgreich abgeschlossene Fachausbildung als Techniker oder Meister (m\/w\/d) oder eine vergleichbare Qualifikation<\/li>\n<li>Erfahrung in der Serienfertigung<\/li>\n<li>Selbstst\u00e4ndige, eigenverantwortliche und zielorientierte Arbeitsweise sowie hohe Innovationskraft und ausgepr\u00e4gte L\u00f6sungskompetenz<\/li>\n<li>Analytisches Denken, strukturierte Arbeitsweise und ausgepr\u00e4gte Kommunikationsst\u00e4rke<\/li>\n<li>Sehr gute Deutschkenntnisse in Wort und Schrift<\/li>\n<\/ul>\n<h2>Was Sie mitbringen<\/h2>\n<ul>\n<li>Bereitschaft zur Einarbeitung in ein abwechslungsreiches und vielf\u00e4ltiges Aufgabengebiet<\/li>\n<li>Selbstst\u00e4ndige und eigenverantwortliche Arbeitsweise<\/li>\n<li>Ausgepr\u00e4gte Teamf\u00e4higkeit, Flexibilit\u00e4t und hohe Zuverl\u00e4ssigkeit<\/li>\n<\/ul>\n<h2>Wir bieten<\/h2>\n<ul>\n<li>Eine abwechslungsreiche und verantwortungsvolle T\u00e4tigkeit in einem zukunftsorientierten Unternehmen<\/li>\n<li>Einen sicheren Arbeitsplatz mit langfristiger Perspektive<\/li>\n<li>Ein motiviertes und kollegiales Team, das Sie herzlich aufnimmt<\/li>\n<li>Attraktive Verg\u00fctung sowie umfangreiche Sozialleistungen<\/li>\n<li>Vielf\u00e4ltige Weiterbildungsm\u00f6glichkeiten und Karrierechancen<\/li>\n<\/ul>\n<h2>Bewerbung<\/h2>\n<p>Haben wir Ihr Interesse geweckt? Dann freuen wir uns auf Ihre aussagekr\u00e4ftige Bewerbung mit Lebenslauf und Zeugnissen. Bitte senden Sie Ihre Unterlagen per E-Mail an <a href=\"mailto:bewerbung@willy-remscheid.de\">bewerbung@willy-remscheid.de<\/a>.<\/p>\n<p>Wir freuen uns darauf, Sie kennenzulernen![\/et_pb_text][\/et_pb_column][et_pb_column type=&#8221;1_3&#8243; _builder_version=&#8221;4.27.4&#8243; _module_preset=&#8221;default&#8221; global_colors_info=&#8221;{}&#8221;][et_pb_text _builder_version=&#8221;4.27.4&#8243; _module_preset=&#8221;default&#8221; background_color=&#8221;#e9e9e9&#8243; custom_margin=&#8221;||||false|false&#8221; custom_padding=&#8221;20px|20px|20px|20px|true|true&#8221; hover_enabled=&#8221;0&#8243; border_radii=&#8221;on|10px|10px|10px|10px&#8221; border_color_all=&#8221;#e02b20&#8243; global_colors_info=&#8221;{}&#8221; sticky_enabled=&#8221;0&#8243;]<span style=\"color: #cc0000;\">Willy Remscheid<br \/>\n<\/span><span style=\"color: #cc0000;\">Galvanische Anstalt GmbH<\/span><br \/>\nL\u00fcneschlo\u00dfstra\u00dfe 73<br \/>\n42657 Solingen<br \/>\nDeutschland<\/p>\n<p><a href=\"mailto:bewerbung@willy-remscheid.de\">bewerbung@willy-remscheid.de<\/a><br \/>\n<a href=\"https:\/\/www.willy-remscheid.de\">www.willy-remscheid.de<\/a><\/p>\n<p>Social Media:<br \/>\n<a href=\"https:\/\/www.facebook.com\/willyremscheid\/\" target=\"_blank\" rel=\"noopener\"><img wpfc-lazyload-disable=\"true\" loading=\"lazy\" decoding=\"async\" src=\"https:\/\/willy-remscheid.de\/wp-content\/uploads\/fb-red.png\" width=\"25\" height=\"25\" alt=\"\" class=\"wp-image-5493 alignnone size-full\" \/><\/a> <a href=\"https:\/\/www.linkedin.com\/company\/willyremscheid\/\" target=\"_blank\" rel=\"noopener\"><img wpfc-lazyload-disable=\"true\" loading=\"lazy\" decoding=\"async\" src=\"https:\/\/willy-remscheid.de\/wp-content\/uploads\/in-red.png\" width=\"25\" height=\"25\" alt=\"\" class=\"wp-image-5497 alignnone size-medium\" \/><\/a> <a href=\"https:\/\/www.instagram.com\/willyremscheid\/\" target=\"_blank\" rel=\"noopener\"><img wpfc-lazyload-disable=\"true\" loading=\"lazy\" decoding=\"async\" src=\"https:\/\/willy-remscheid.de\/wp-content\/uploads\/ig-red.png\" width=\"25\" height=\"25\" alt=\"\" class=\"wp-image-5495 alignnone size-full\" \/><\/a> <a href=\"https:\/\/www.xing.com\/companies\/willyremscheidgalvanischeanstaltgmbh\/\" target=\"_blank\" rel=\"noopener\"><img wpfc-lazyload-disable=\"true\" loading=\"lazy\" decoding=\"async\" src=\"https:\/\/willy-remscheid.de\/wp-content\/uploads\/xing-red.png\" width=\"25\" height=\"25\" alt=\"\" class=\"wp-image-5499 alignnone size-medium\" \/><\/a>[\/et_pb_text][\/et_pb_column][\/et_pb_row][\/et_pb_section]<\/p>\n","protected":false},"excerpt":{"rendered":"<p>Karriere bei Willy Remscheid Programmierer (m\/w\/d) f\u00fcr Schleif- und Polierroboter Wir suchen Verst\u00e4rkung f\u00fcr unser Team! \u00dcber uns Wir sind ein f\u00fchrendes Unternehmen im Bereich der Oberfl\u00e4chenbearbeitung und zeichnen uns durch innovative L\u00f6sungen sowie h\u00f6chste Kundenzufriedenheit aus. Zur weiteren Verst\u00e4rkung unseres engagierten Teams suchen wir motivierte Kolleginnen und Kollegen, die gemeinsam mit uns neue Ma\u00dfst\u00e4be [&hellip;]<\/p>\n","protected":false},"author":13,"featured_media":0,"parent":0,"menu_order":0,"comment_status":"closed","ping_status":"closed","template":"","meta":{"_et_pb_use_builder":"on","_et_pb_old_content":"","_et_gb_content_width":"","slim_seo":{"title":"Karriere: Programmierer (m\/w\/d) f\u00fcr Schleif- und Polierroboter - Willy Remscheid","description":"Karriere bei Willy Remscheid Programmierer (m\/w\/d) f\u00fcr Schleif- und Polierroboter Wir suchen Verst\u00e4rkung f\u00fcr unser Team! \u00dcber uns Wir sind ein f\u00fchrendes Unterne"},"footnotes":""},"class_list":["post-5383","page","type-page","status-publish","hentry"],"_links":{"self":[{"href":"https:\/\/willy-remscheid.de\/en\/wp-json\/wp\/v2\/pages\/5383","targetHints":{"allow":["GET"]}}],"collection":[{"href":"https:\/\/willy-remscheid.de\/en\/wp-json\/wp\/v2\/pages"}],"about":[{"href":"https:\/\/willy-remscheid.de\/en\/wp-json\/wp\/v2\/types\/page"}],"author":[{"embeddable":true,"href":"https:\/\/willy-remscheid.de\/en\/wp-json\/wp\/v2\/users\/13"}],"replies":[{"embeddable":true,"href":"https:\/\/willy-remscheid.de\/en\/wp-json\/wp\/v2\/comments?post=5383"}],"version-history":[{"count":0,"href":"https:\/\/willy-remscheid.de\/en\/wp-json\/wp\/v2\/pages\/5383\/revisions"}],"wp:attachment":[{"href":"https:\/\/willy-remscheid.de\/en\/wp-json\/wp\/v2\/media?parent=5383"}],"curies":[{"name":"wp","href":"https:\/\/api.w.org\/{rel}","templated":true}]}}

Karriere: Programmierer (m/w/d) für Schleif- und Polierroboter

<p>[et_pb_section fb_built=&#8221;1&#8243; fullwidth=&#8221;on&#8221; _builder_version=&#8221;4.16&#8243; global_colors_info=&#8221;{}&#8221;][et_pb_fullwidth_slider _builder_version=&#8221;4.27.4&#8243; _module_preset=&#8221;default&#8221; header_level=&#8221;h1&#8243; body_text_color=&#8221;#FFFFFF&#8221; body_font_size=&#8221;44px&#8221; body_line_height=&#8221;1.6em&#8221; background_image=&#8221;https://willy-remscheid.de/wp-content/uploads/wr-master-slider.png&#8221; height=&#8221;499px&#8221; height_tablet=&#8221;499px&#8221; height_phone=&#8221;300px&#8221; height_last_edited=&#8221;on|phone&#8221; max_height_tablet=&#8221;&#8221; max_height_phone=&#8221;&#8221; max_height_last_edited=&#8221;on|desktop&#8221; body_font_last_edited=&#8221;off|desktop&#8221; body_font_size_tablet=&#8221;44px&#8221; body_font_size_phone=&#8221;33px&#8221; body_font_size_last_edited=&#8221;on|phone&#8221; body_line_height_tablet=&#8221;1.6em&#8221; body_line_height_phone=&#8221;1.5em&#8221; body_line_height_last_edited=&#8221;on|desktop&#8221; header_text_shadow_style=&#8221;preset1&#8243; body_text_shadow_style=&#8221;preset1&#8243; global_colors_info=&#8221;{}&#8221;][et_pb_slide _builder_version=&#8221;4.27.4&#8243; _module_preset=&#8221;default&#8221; global_colors_info=&#8221;{}&#8221; sticky_transition=&#8221;on&#8221;]Karriere bei Willy Remscheid<br />
[/et_pb_slide][/et_pb_fullwidth_slider][/et_pb_section][et_pb_section fb_built=&#8221;1&#8243; custom_padding_last_edited=&#8221;on|desktop&#8221; admin_label=&#8221;section&#8221; module_id=&#8221;qualitaet&#8221; _builder_version=&#8221;4.16&#8243; custom_padding_tablet=&#8221;50px|0|50px|0&#8243; custom_padding_phone=&#8221;&#8221; global_colors_info=&#8221;{}&#8221;][et_pb_row admin_label=&#8221;row&#8221; _builder_version=&#8221;4.16&#8243; background_size=&#8221;initial&#8221; background_position=&#8221;top_left&#8221; background_repeat=&#8221;repeat&#8221; collapsed=&#8221;off&#8221; global_colors_info=&#8221;{}&#8221;][et_pb_column type=&#8221;4_4&#8243; _builder_version=&#8221;4.16&#8243; custom_padding=&#8221;|||&#8221; global_colors_info=&#8221;{}&#8221; custom_padding__hover=&#8221;|||&#8221;][et_pb_text _builder_version=&#8221;4.27.4&#8243; background_size=&#8221;initial&#8221; background_position=&#8221;top_left&#8221; background_repeat=&#8221;repeat&#8221; use_border_color=&#8221;off&#8221; border_color=&#8221;#ffffff&#8221; border_style=&#8221;solid&#8221; global_colors_info=&#8221;{}&#8221;]</p>
<h1>Programmierer (m/w/d) für Schleif- und Polierroboter</h1>
<p>[/et_pb_text][/et_pb_column][/et_pb_row][et_pb_row column_structure=&#8221;2_3,1_3&#8243; _builder_version=&#8221;4.27.4&#8243; _module_preset=&#8221;default&#8221; global_colors_info=&#8221;{}&#8221;][et_pb_column type=&#8221;2_3&#8243; _builder_version=&#8221;4.27.4&#8243; _module_preset=&#8221;default&#8221; global_colors_info=&#8221;{}&#8221;][et_pb_text _builder_version=&#8221;4.27.4&#8243; _module_preset=&#8221;default&#8221; global_colors_info=&#8221;{}&#8221;]Wir suchen Verstärkung für unser Team!</p>
<h2>Über uns</h2>
<p>Wir sind ein führendes Unternehmen im Bereich der Oberflächenbearbeitung und zeichnen uns durch innovative Lösungen sowie höchste Kundenzufriedenheit aus. Zur weiteren Verstärkung unseres engagierten Teams suchen wir motivierte Kolleginnen und Kollegen, die gemeinsam mit uns neue Maßstäbe setzen möchten. Werden Sie Teil unserer Erfolgsgeschichte und gestalten Sie mit uns die Zukunft der Oberflächenbearbeitung!</p>
<h2>Ihre Aufgaben</h2>
<ul>
<li>Einrichtung, Programmierung und Wartung unserer Schleif- und Polierroboter</li>
<li>Überwachung der Produktionsplanung hinsichtlich Mengen und Terminen</li>
<li>Sicherstellung und kontinuierliche Optimierung der Produktionsabläufe im Schleif- und Polierzentrum sowie Gewährleistung der Qualitätsziele am Produkt</li>
<li>Schulung der Anlagenbediener im Umgang mit den Roboteranlagen, einschließlich Fehlererkennung und Störungsbeseitigung</li>
<li>Information der Geschäftsleitung über notwendige Neubauten, Umbauten sowie mögliche Optimierungspotenziale</li>
<li>Erstellung von Reinigungs- und Wartungsplänen für die Roboteranlagen und Koordination der zuständigen Mitarbeiter</li>
</ul>
<h2>Ihre Kenntnisse und Fähigkeiten</h2>
<ul>
<li>Erfolgreich abgeschlossene Fachausbildung als Techniker oder Meister (m/w/d) oder eine vergleichbare Qualifikation</li>
<li>Erfahrung in der Serienfertigung</li>
<li>Selbstständige, eigenverantwortliche und zielorientierte Arbeitsweise sowie hohe Innovationskraft und ausgeprägte Lösungskompetenz</li>
<li>Analytisches Denken, strukturierte Arbeitsweise und ausgeprägte Kommunikationsstärke</li>
<li>Sehr gute Deutschkenntnisse in Wort und Schrift</li>
</ul>
<h2>Was Sie mitbringen</h2>
<ul>
<li>Bereitschaft zur Einarbeitung in ein abwechslungsreiches und vielfältiges Aufgabengebiet</li>
<li>Selbstständige und eigenverantwortliche Arbeitsweise</li>
<li>Ausgeprägte Teamfähigkeit, Flexibilität und hohe Zuverlässigkeit</li>
</ul>
<h2>Wir bieten</h2>
<ul>
<li>Eine abwechslungsreiche und verantwortungsvolle Tätigkeit in einem zukunftsorientierten Unternehmen</li>
<li>Einen sicheren Arbeitsplatz mit langfristiger Perspektive</li>
<li>Ein motiviertes und kollegiales Team, das Sie herzlich aufnimmt</li>
<li>Attraktive Vergütung sowie umfangreiche Sozialleistungen</li>
<li>Vielfältige Weiterbildungsmöglichkeiten und Karrierechancen</li>
</ul>
<h2>Bewerbung</h2>
<p>Haben wir Ihr Interesse geweckt? Dann freuen wir uns auf Ihre aussagekräftige Bewerbung mit Lebenslauf und Zeugnissen. Bitte senden Sie Ihre Unterlagen per E-Mail an <a href="mailto:bewerbung@willy-remscheid.de">bewerbung@willy-remscheid.de</a>.</p>
<p>Wir freuen uns darauf, Sie kennenzulernen![/et_pb_text][/et_pb_column][et_pb_column type=&#8221;1_3&#8243; _builder_version=&#8221;4.27.4&#8243; _module_preset=&#8221;default&#8221; global_colors_info=&#8221;{}&#8221;][et_pb_text _builder_version=&#8221;4.27.4&#8243; _module_preset=&#8221;default&#8221; background_color=&#8221;#e9e9e9&#8243; custom_margin=&#8221;||||false|false&#8221; custom_padding=&#8221;20px|20px|20px|20px|true|true&#8221; hover_enabled=&#8221;0&#8243; border_radii=&#8221;on|10px|10px|10px|10px&#8221; border_color_all=&#8221;#e02b20&#8243; global_colors_info=&#8221;{}&#8221; sticky_enabled=&#8221;0&#8243;]<span style="color: #cc0000;">Willy Remscheid<br />
</span><span style="color: #cc0000;">Galvanische Anstalt GmbH</span><br />
Lüneschloßstraße 73<br />
42657 Solingen<br />
Deutschland</p>
<p><a href="mailto:bewerbung@willy-remscheid.de">bewerbung@willy-remscheid.de</a><br />
<a href="https://www.willy-remscheid.de">www.willy-remscheid.de</a></p>
<p>Social Media:<br />
<a href="https://www.facebook.com/willyremscheid/" target="_blank" rel="noopener"><img wpfc-lazyload-disable="true" loading="lazy" decoding="async" src="https://willy-remscheid.de/wp-content/uploads/fb-red.png" width="25" height="25" alt="" class="wp-image-5493 alignnone size-full" /></a> <a href="https://www.linkedin.com/company/willyremscheid/" target="_blank" rel="noopener"><img wpfc-lazyload-disable="true" loading="lazy" decoding="async" src="https://willy-remscheid.de/wp-content/uploads/in-red.png" width="25" height="25" alt="" class="wp-image-5497 alignnone size-medium" /></a> <a href="https://www.instagram.com/willyremscheid/" target="_blank" rel="noopener"><img wpfc-lazyload-disable="true" loading="lazy" decoding="async" src="https://willy-remscheid.de/wp-content/uploads/ig-red.png" width="25" height="25" alt="" class="wp-image-5495 alignnone size-full" /></a> <a href="https://www.xing.com/companies/willyremscheidgalvanischeanstaltgmbh/" target="_blank" rel="noopener"><img wpfc-lazyload-disable="true" loading="lazy" decoding="async" src="https://willy-remscheid.de/wp-content/uploads/xing-red.png" width="25" height="25" alt="" class="wp-image-5499 alignnone size-medium" /></a>[/et_pb_text][/et_pb_column][/et_pb_row][/et_pb_section]</p>

<p>Karriere bei Willy Remscheid Programmierer (m/w/d) für Schleif- und Polierroboter Wir suchen Verstärkung für unser Team! Über uns Wir sind ein führendes Unternehmen im Bereich der Oberflächenbearbeitung und zeichnen uns durch innovative Lösungen sowie höchste Kundenzufriedenheit aus. Zur weiteren Verstärkung unseres engagierten Teams suchen wir motivierte Kolleginnen und Kollegen, die gemeinsam mit uns neue Maßstäbe [&hellip;]</p>

Karriere: Programmierer (m/w/d) für Schleif- und Polierroboter - Willy Remscheid

Karriere bei Willy Remscheid Programmierer (m/w/d) für Schleif- und Polierroboter Wir suchen Verstärkung für unser Team! Über uns Wir sind ein führendes Unterne
