{"id":5430,"date":"2025-05-06T08:56:59","date_gmt":"2025-05-06T06:56:59","guid":{"rendered":"https:\/\/willy-remscheid.de\/?page_id=5430"},"modified":"2025-07-18T08:35:43","modified_gmt":"2025-07-18T06:35:43","slug":"ausbildung-01","status":"publish","type":"page","link":"https:\/\/willy-remscheid.de\/en\/ausbildung-01\/","title":{"rendered":"Ausbildung zum Oberfl\u00e4chenbeschichter (m\/w\/d)"},"content":{"rendered":"<p>[et_pb_section fb_built=&#8221;1&#8243; fullwidth=&#8221;on&#8221; _builder_version=&#8221;4.16&#8243; global_colors_info=&#8221;{}&#8221;][et_pb_fullwidth_slider _builder_version=&#8221;4.27.4&#8243; _module_preset=&#8221;default&#8221; header_level=&#8221;h1&#8243; body_text_color=&#8221;#FFFFFF&#8221; body_font_size=&#8221;44px&#8221; body_line_height=&#8221;1.6em&#8221; background_image=&#8221;https:\/\/willy-remscheid.de\/wp-content\/uploads\/wr-master-slider.png&#8221; height=&#8221;499px&#8221; height_tablet=&#8221;499px&#8221; height_phone=&#8221;300px&#8221; height_last_edited=&#8221;on|phone&#8221; max_height_tablet=&#8221;&#8221; max_height_phone=&#8221;&#8221; max_height_last_edited=&#8221;on|desktop&#8221; body_font_last_edited=&#8221;off|desktop&#8221; body_font_size_tablet=&#8221;44px&#8221; body_font_size_phone=&#8221;33px&#8221; body_font_size_last_edited=&#8221;on|phone&#8221; body_line_height_tablet=&#8221;1.6em&#8221; body_line_height_phone=&#8221;1.5em&#8221; body_line_height_last_edited=&#8221;on|desktop&#8221; header_text_shadow_style=&#8221;preset1&#8243; body_text_shadow_style=&#8221;preset1&#8243; global_colors_info=&#8221;{}&#8221;][et_pb_slide _builder_version=&#8221;4.27.4&#8243; _module_preset=&#8221;default&#8221; global_colors_info=&#8221;{}&#8221; sticky_transition=&#8221;on&#8221;]<\/p>\n<p>Karriere bei Willy Remscheid<\/p>\n<p>[\/et_pb_slide][\/et_pb_fullwidth_slider][\/et_pb_section][et_pb_section fb_built=&#8221;1&#8243; custom_padding_last_edited=&#8221;on|desktop&#8221; admin_label=&#8221;section&#8221; module_id=&#8221;qualitaet&#8221; _builder_version=&#8221;4.16&#8243; custom_padding_tablet=&#8221;50px|0|50px|0&#8243; custom_padding_phone=&#8221;&#8221; global_colors_info=&#8221;{}&#8221;][et_pb_row admin_label=&#8221;row&#8221; _builder_version=&#8221;4.16&#8243; background_size=&#8221;initial&#8221; background_position=&#8221;top_left&#8221; background_repeat=&#8221;repeat&#8221; collapsed=&#8221;off&#8221; global_colors_info=&#8221;{}&#8221;][et_pb_column type=&#8221;4_4&#8243; _builder_version=&#8221;4.16&#8243; custom_padding=&#8221;|||&#8221; global_colors_info=&#8221;{}&#8221; custom_padding__hover=&#8221;|||&#8221;][et_pb_text _builder_version=&#8221;4.27.4&#8243; background_size=&#8221;initial&#8221; background_position=&#8221;top_left&#8221; background_repeat=&#8221;repeat&#8221; use_border_color=&#8221;off&#8221; border_color=&#8221;#ffffff&#8221; border_style=&#8221;solid&#8221; global_colors_info=&#8221;{}&#8221;]<\/p>\n<h1>Ausbildung zum Oberfl\u00e4chenbeschichter (m\/w\/d)<\/h1>\n<p>[\/et_pb_text][\/et_pb_column][\/et_pb_row][et_pb_row column_structure=&#8221;2_3,1_3&#8243; _builder_version=&#8221;4.27.4&#8243; _module_preset=&#8221;default&#8221; global_colors_info=&#8221;{}&#8221;][et_pb_column type=&#8221;2_3&#8243; _builder_version=&#8221;4.27.4&#8243; _module_preset=&#8221;default&#8221; global_colors_info=&#8221;{}&#8221;][et_pb_text _builder_version=&#8221;4.27.4&#8243; _module_preset=&#8221;default&#8221; global_colors_info=&#8221;{}&#8221;]<\/p>\n<h2>\u00dcber uns<\/h2>\n<p>Wir sind ein f\u00fchrendes Unternehmen im Bereich der Oberfl\u00e4chenbearbeitung und zeichnen uns durch innovative L\u00f6sungen sowie h\u00f6chste Kundenzufriedenheit aus.<\/p>\n<h2>Gl\u00e4nzende Perspektiven f\u00fcr ihre Zukunft \u2013 starten Sie ihre Ausbildung bei uns!<\/h2>\n<p>Sie interessieren sich f\u00fcr Technik, Chemie und m\u00f6chten mit modernen Verfahren Metall- und Kunststoffoberfl\u00e4chen veredeln? Dann ist die Ausbildung zum Oberfl\u00e4chenbeschichter (m\/w\/d) genau das Richtige f\u00fcr Sie.<\/p>\n<p>Ausbildungsstart: 01.09.2025<br \/>\nAusbildungsdauer: 3 Jahre<br \/>\nStandorte der Ausbildung: Ausbildungsbetrieb &amp; Berufsschule<br \/>\nVoraussetzung: Hauptschulabschluss oder mittlerer Bildungsabschluss<\/p>\n<h2>Was Sie bei uns lernen<\/h2>\n<p>Als Oberfl\u00e4chenbeschichter\/in lernen Sie, wie man Werkst\u00fccke durch verschiedenste Verfahren sch\u00fctzt, veredelt oder funktionalisiert \u2013 z. B. durch:<\/p>\n<ul>\n<li>Galvanotechnik, Feuerverzinken, Eloxieren (Anodisieren)<\/li>\n<li>Chemische, elektrochemische, elektrische und physikalische Beschichtungsverfahren<\/li>\n<li>Vorbereiten von Werkst\u00fccken und Beschichtungsl\u00f6sungen<\/li>\n<li>Arbeiten mit galvanischen B\u00e4dern und Vakuumbeschichtungsanlagen<\/li>\n<li>Qualit\u00e4tssicherung und Nachbehandlung von beschichteten Bauteilen<\/li>\n<li>Fachgerechter Umgang mit Chemikalien und Entsorgung<\/li>\n<li>Instandhaltung und Reinigung von Anlagen und Wannen<\/li>\n<\/ul>\n<h2>Das bringen Sie mit<\/h2>\n<ul>\n<li>Interesse an Chemie, Physik und Technik<\/li>\n<li>Handwerkliches Geschick und sorgf\u00e4ltige Arbeitsweise<\/li>\n<li>Verantwortungsbewusstsein beim Umgang mit Anlagen und Chemikalien<\/li>\n<li>Teamf\u00e4higkeit und Lernbereitschaft<\/li>\n<li>Schulnoten besonders in Mathematik, Chemie, Physik und Werken von Vorteil<\/li>\n<\/ul>\n<h2>Das bieten wir Ihnen<\/h2>\n<ul>\n<li>Eine abwechslungsreiche und praxisnahe Ausbildung<\/li>\n<li>Betreuung durch erfahrene Ausbilder\/innen<\/li>\n<li>Moderne Technik und Arbeitsmittel<\/li>\n<li>Gute \u00dcbernahmechancen nach erfolgreichem Abschluss<\/li>\n<li>Ausbildungsverg\u00fctung nach Tarif, ggf. Urlaubs- und Weihnachtsgeld<\/li>\n<\/ul>\n<h2>Bewerbung<\/h2>\n<p>Haben wir Ihr Interesse geweckt? Dann freuen wir uns auf Ihre aussagekr\u00e4ftige Bewerbung mit Lebenslauf und Zeugnissen. Bitte senden Sie Ihre Unterlagen per E-Mail an <a href=\"mailto:bewerbung@willy-remscheid.de\">bewerbung@willy-remscheid.de<\/a>.<\/p>\n<p>Wir freuen uns darauf, Sie kennenzulernen![\/et_pb_text][\/et_pb_column][et_pb_column type=&#8221;1_3&#8243; _builder_version=&#8221;4.27.4&#8243; _module_preset=&#8221;default&#8221; global_colors_info=&#8221;{}&#8221;][et_pb_text _builder_version=&#8221;4.27.4&#8243; _module_preset=&#8221;default&#8221; background_color=&#8221;#e9e9e9&#8243; custom_margin=&#8221;||||false|false&#8221; custom_padding=&#8221;20px|20px|20px|20px|true|true&#8221; hover_enabled=&#8221;0&#8243; border_radii=&#8221;on|10px|10px|10px|10px&#8221; border_color_all=&#8221;#e02b20&#8243; global_colors_info=&#8221;{}&#8221; sticky_enabled=&#8221;0&#8243;]<span style=\"color: #cc0000;\">Willy Remscheid<br \/>\n<\/span><span style=\"color: #cc0000;\">Galvanische Anstalt GmbH<\/span><br \/>\nL\u00fcneschlo\u00dfstra\u00dfe 73<br \/>\n42657 Solingen<br \/>\nDeutschland<\/p>\n<p><a href=\"mailto:bewerbung@willy-remscheid.de\">bewerbung@willy-remscheid.de<\/a><br \/>\n<a href=\"https:\/\/www.willy-remscheid.de\">www.willy-remscheid.de<\/a><\/p>\n<p>Social Media:<br \/>\n<a href=\"https:\/\/www.facebook.com\/willyremscheid\/\" target=\"_blank\" rel=\"noopener\"><img wpfc-lazyload-disable=\"true\" loading=\"lazy\" decoding=\"async\" src=\"https:\/\/willy-remscheid.de\/wp-content\/uploads\/fb-red.png\" width=\"25\" height=\"25\" alt=\"\" class=\"wp-image-5493 alignnone size-full\" \/><\/a> <a href=\"https:\/\/www.linkedin.com\/company\/willyremscheid\/\" target=\"_blank\" rel=\"noopener\"><img wpfc-lazyload-disable=\"true\" loading=\"lazy\" decoding=\"async\" src=\"https:\/\/willy-remscheid.de\/wp-content\/uploads\/in-red.png\" width=\"25\" height=\"25\" alt=\"\" class=\"wp-image-5497 alignnone size-medium\" \/><\/a> <a href=\"https:\/\/www.instagram.com\/willyremscheid\/\" target=\"_blank\" rel=\"noopener\"><img wpfc-lazyload-disable=\"true\" loading=\"lazy\" decoding=\"async\" src=\"https:\/\/willy-remscheid.de\/wp-content\/uploads\/ig-red.png\" width=\"25\" height=\"25\" alt=\"\" class=\"wp-image-5495 alignnone size-full\" \/><\/a> <a href=\"https:\/\/www.xing.com\/companies\/willyremscheidgalvanischeanstaltgmbh\/\" target=\"_blank\" rel=\"noopener\"><img wpfc-lazyload-disable=\"true\" loading=\"lazy\" decoding=\"async\" src=\"https:\/\/willy-remscheid.de\/wp-content\/uploads\/xing-red.png\" width=\"25\" height=\"25\" alt=\"\" class=\"wp-image-5499 alignnone size-medium\" \/><\/a>[\/et_pb_text][\/et_pb_column][\/et_pb_row][\/et_pb_section]<\/p>\n","protected":false},"excerpt":{"rendered":"<p>Karriere bei Willy RemscheidAusbildung zum Oberfl\u00e4chenbeschichter (m\/w\/d)\u00dcber uns Wir sind ein f\u00fchrendes Unternehmen im Bereich der Oberfl\u00e4chenbearbeitung und zeichnen uns durch innovative L\u00f6sungen sowie h\u00f6chste Kundenzufriedenheit aus. Gl\u00e4nzende Perspektiven f\u00fcr ihre Zukunft \u2013 starten Sie ihre Ausbildung bei uns! Sie interessieren sich f\u00fcr Technik, Chemie und m\u00f6chten mit modernen Verfahren Metall- und Kunststoffoberfl\u00e4chen veredeln? Dann [&hellip;]<\/p>\n","protected":false},"author":13,"featured_media":0,"parent":0,"menu_order":0,"comment_status":"closed","ping_status":"closed","template":"","meta":{"_et_pb_use_builder":"on","_et_pb_old_content":"","_et_gb_content_width":"","slim_seo":{"title":"Ausbildung zum Oberfl\u00e4chenbeschichter (m\/w\/d) - Willy Remscheid","description":"Karriere bei Willy Remscheid Ausbildung zum Oberfl\u00e4chenbeschichter (m\/w\/d) \u00dcber uns Wir sind ein f\u00fchrendes Unternehmen im Bereich der Oberfl\u00e4chenbearbeitung und"},"footnotes":""},"class_list":["post-5430","page","type-page","status-publish","hentry"],"_links":{"self":[{"href":"https:\/\/willy-remscheid.de\/en\/wp-json\/wp\/v2\/pages\/5430","targetHints":{"allow":["GET"]}}],"collection":[{"href":"https:\/\/willy-remscheid.de\/en\/wp-json\/wp\/v2\/pages"}],"about":[{"href":"https:\/\/willy-remscheid.de\/en\/wp-json\/wp\/v2\/types\/page"}],"author":[{"embeddable":true,"href":"https:\/\/willy-remscheid.de\/en\/wp-json\/wp\/v2\/users\/13"}],"replies":[{"embeddable":true,"href":"https:\/\/willy-remscheid.de\/en\/wp-json\/wp\/v2\/comments?post=5430"}],"version-history":[{"count":0,"href":"https:\/\/willy-remscheid.de\/en\/wp-json\/wp\/v2\/pages\/5430\/revisions"}],"wp:attachment":[{"href":"https:\/\/willy-remscheid.de\/en\/wp-json\/wp\/v2\/media?parent=5430"}],"curies":[{"name":"wp","href":"https:\/\/api.w.org\/{rel}","templated":true}]}}

Ausbildung zum Oberflächenbeschichter (m/w/d)

<p>[et_pb_section fb_built=&#8221;1&#8243; fullwidth=&#8221;on&#8221; _builder_version=&#8221;4.16&#8243; global_colors_info=&#8221;{}&#8221;][et_pb_fullwidth_slider _builder_version=&#8221;4.27.4&#8243; _module_preset=&#8221;default&#8221; header_level=&#8221;h1&#8243; body_text_color=&#8221;#FFFFFF&#8221; body_font_size=&#8221;44px&#8221; body_line_height=&#8221;1.6em&#8221; background_image=&#8221;https://willy-remscheid.de/wp-content/uploads/wr-master-slider.png&#8221; height=&#8221;499px&#8221; height_tablet=&#8221;499px&#8221; height_phone=&#8221;300px&#8221; height_last_edited=&#8221;on|phone&#8221; max_height_tablet=&#8221;&#8221; max_height_phone=&#8221;&#8221; max_height_last_edited=&#8221;on|desktop&#8221; body_font_last_edited=&#8221;off|desktop&#8221; body_font_size_tablet=&#8221;44px&#8221; body_font_size_phone=&#8221;33px&#8221; body_font_size_last_edited=&#8221;on|phone&#8221; body_line_height_tablet=&#8221;1.6em&#8221; body_line_height_phone=&#8221;1.5em&#8221; body_line_height_last_edited=&#8221;on|desktop&#8221; header_text_shadow_style=&#8221;preset1&#8243; body_text_shadow_style=&#8221;preset1&#8243; global_colors_info=&#8221;{}&#8221;][et_pb_slide _builder_version=&#8221;4.27.4&#8243; _module_preset=&#8221;default&#8221; global_colors_info=&#8221;{}&#8221; sticky_transition=&#8221;on&#8221;]</p>
<p>Karriere bei Willy Remscheid</p>
<p>[/et_pb_slide][/et_pb_fullwidth_slider][/et_pb_section][et_pb_section fb_built=&#8221;1&#8243; custom_padding_last_edited=&#8221;on|desktop&#8221; admin_label=&#8221;section&#8221; module_id=&#8221;qualitaet&#8221; _builder_version=&#8221;4.16&#8243; custom_padding_tablet=&#8221;50px|0|50px|0&#8243; custom_padding_phone=&#8221;&#8221; global_colors_info=&#8221;{}&#8221;][et_pb_row admin_label=&#8221;row&#8221; _builder_version=&#8221;4.16&#8243; background_size=&#8221;initial&#8221; background_position=&#8221;top_left&#8221; background_repeat=&#8221;repeat&#8221; collapsed=&#8221;off&#8221; global_colors_info=&#8221;{}&#8221;][et_pb_column type=&#8221;4_4&#8243; _builder_version=&#8221;4.16&#8243; custom_padding=&#8221;|||&#8221; global_colors_info=&#8221;{}&#8221; custom_padding__hover=&#8221;|||&#8221;][et_pb_text _builder_version=&#8221;4.27.4&#8243; background_size=&#8221;initial&#8221; background_position=&#8221;top_left&#8221; background_repeat=&#8221;repeat&#8221; use_border_color=&#8221;off&#8221; border_color=&#8221;#ffffff&#8221; border_style=&#8221;solid&#8221; global_colors_info=&#8221;{}&#8221;]</p>
<h1>Ausbildung zum Oberflächenbeschichter (m/w/d)</h1>
<p>[/et_pb_text][/et_pb_column][/et_pb_row][et_pb_row column_structure=&#8221;2_3,1_3&#8243; _builder_version=&#8221;4.27.4&#8243; _module_preset=&#8221;default&#8221; global_colors_info=&#8221;{}&#8221;][et_pb_column type=&#8221;2_3&#8243; _builder_version=&#8221;4.27.4&#8243; _module_preset=&#8221;default&#8221; global_colors_info=&#8221;{}&#8221;][et_pb_text _builder_version=&#8221;4.27.4&#8243; _module_preset=&#8221;default&#8221; global_colors_info=&#8221;{}&#8221;]</p>
<h2>Über uns</h2>
<p>Wir sind ein führendes Unternehmen im Bereich der Oberflächenbearbeitung und zeichnen uns durch innovative Lösungen sowie höchste Kundenzufriedenheit aus.</p>
<h2>Glänzende Perspektiven für ihre Zukunft – starten Sie ihre Ausbildung bei uns!</h2>
<p>Sie interessieren sich für Technik, Chemie und möchten mit modernen Verfahren Metall- und Kunststoffoberflächen veredeln? Dann ist die Ausbildung zum Oberflächenbeschichter (m/w/d) genau das Richtige für Sie.</p>
<p>Ausbildungsstart: 01.09.2025<br />
Ausbildungsdauer: 3 Jahre<br />
Standorte der Ausbildung: Ausbildungsbetrieb &amp; Berufsschule<br />
Voraussetzung: Hauptschulabschluss oder mittlerer Bildungsabschluss</p>
<h2>Was Sie bei uns lernen</h2>
<p>Als Oberflächenbeschichter/in lernen Sie, wie man Werkstücke durch verschiedenste Verfahren schützt, veredelt oder funktionalisiert – z. B. durch:</p>
<ul>
<li>Galvanotechnik, Feuerverzinken, Eloxieren (Anodisieren)</li>
<li>Chemische, elektrochemische, elektrische und physikalische Beschichtungsverfahren</li>
<li>Vorbereiten von Werkstücken und Beschichtungslösungen</li>
<li>Arbeiten mit galvanischen Bädern und Vakuumbeschichtungsanlagen</li>
<li>Qualitätssicherung und Nachbehandlung von beschichteten Bauteilen</li>
<li>Fachgerechter Umgang mit Chemikalien und Entsorgung</li>
<li>Instandhaltung und Reinigung von Anlagen und Wannen</li>
</ul>
<h2>Das bringen Sie mit</h2>
<ul>
<li>Interesse an Chemie, Physik und Technik</li>
<li>Handwerkliches Geschick und sorgfältige Arbeitsweise</li>
<li>Verantwortungsbewusstsein beim Umgang mit Anlagen und Chemikalien</li>
<li>Teamfähigkeit und Lernbereitschaft</li>
<li>Schulnoten besonders in Mathematik, Chemie, Physik und Werken von Vorteil</li>
</ul>
<h2>Das bieten wir Ihnen</h2>
<ul>
<li>Eine abwechslungsreiche und praxisnahe Ausbildung</li>
<li>Betreuung durch erfahrene Ausbilder/innen</li>
<li>Moderne Technik und Arbeitsmittel</li>
<li>Gute Übernahmechancen nach erfolgreichem Abschluss</li>
<li>Ausbildungsvergütung nach Tarif, ggf. Urlaubs- und Weihnachtsgeld</li>
</ul>
<h2>Bewerbung</h2>
<p>Haben wir Ihr Interesse geweckt? Dann freuen wir uns auf Ihre aussagekräftige Bewerbung mit Lebenslauf und Zeugnissen. Bitte senden Sie Ihre Unterlagen per E-Mail an <a href="mailto:bewerbung@willy-remscheid.de">bewerbung@willy-remscheid.de</a>.</p>
<p>Wir freuen uns darauf, Sie kennenzulernen![/et_pb_text][/et_pb_column][et_pb_column type=&#8221;1_3&#8243; _builder_version=&#8221;4.27.4&#8243; _module_preset=&#8221;default&#8221; global_colors_info=&#8221;{}&#8221;][et_pb_text _builder_version=&#8221;4.27.4&#8243; _module_preset=&#8221;default&#8221; background_color=&#8221;#e9e9e9&#8243; custom_margin=&#8221;||||false|false&#8221; custom_padding=&#8221;20px|20px|20px|20px|true|true&#8221; hover_enabled=&#8221;0&#8243; border_radii=&#8221;on|10px|10px|10px|10px&#8221; border_color_all=&#8221;#e02b20&#8243; global_colors_info=&#8221;{}&#8221; sticky_enabled=&#8221;0&#8243;]<span style="color: #cc0000;">Willy Remscheid<br />
</span><span style="color: #cc0000;">Galvanische Anstalt GmbH</span><br />
Lüneschloßstraße 73<br />
42657 Solingen<br />
Deutschland</p>
<p><a href="mailto:bewerbung@willy-remscheid.de">bewerbung@willy-remscheid.de</a><br />
<a href="https://www.willy-remscheid.de">www.willy-remscheid.de</a></p>
<p>Social Media:<br />
<a href="https://www.facebook.com/willyremscheid/" target="_blank" rel="noopener"><img wpfc-lazyload-disable="true" loading="lazy" decoding="async" src="https://willy-remscheid.de/wp-content/uploads/fb-red.png" width="25" height="25" alt="" class="wp-image-5493 alignnone size-full" /></a> <a href="https://www.linkedin.com/company/willyremscheid/" target="_blank" rel="noopener"><img wpfc-lazyload-disable="true" loading="lazy" decoding="async" src="https://willy-remscheid.de/wp-content/uploads/in-red.png" width="25" height="25" alt="" class="wp-image-5497 alignnone size-medium" /></a> <a href="https://www.instagram.com/willyremscheid/" target="_blank" rel="noopener"><img wpfc-lazyload-disable="true" loading="lazy" decoding="async" src="https://willy-remscheid.de/wp-content/uploads/ig-red.png" width="25" height="25" alt="" class="wp-image-5495 alignnone size-full" /></a> <a href="https://www.xing.com/companies/willyremscheidgalvanischeanstaltgmbh/" target="_blank" rel="noopener"><img wpfc-lazyload-disable="true" loading="lazy" decoding="async" src="https://willy-remscheid.de/wp-content/uploads/xing-red.png" width="25" height="25" alt="" class="wp-image-5499 alignnone size-medium" /></a>[/et_pb_text][/et_pb_column][/et_pb_row][/et_pb_section]</p>

<p>Karriere bei Willy RemscheidAusbildung zum Oberflächenbeschichter (m/w/d)Über uns Wir sind ein führendes Unternehmen im Bereich der Oberflächenbearbeitung und zeichnen uns durch innovative Lösungen sowie höchste Kundenzufriedenheit aus. Glänzende Perspektiven für ihre Zukunft – starten Sie ihre Ausbildung bei uns! Sie interessieren sich für Technik, Chemie und möchten mit modernen Verfahren Metall- und Kunststoffoberflächen veredeln? Dann [&hellip;]</p>

Ausbildung zum Oberflächenbeschichter (m/w/d) - Willy Remscheid

Karriere bei Willy Remscheid Ausbildung zum Oberflächenbeschichter (m/w/d) Über uns Wir sind ein führendes Unternehmen im Bereich der Oberflächenbearbeitung und
